493100. Calculate a(-2).
2
Let d(j) = 157*j**2 - 1148*j + 340. What is d(7)?
-3
Let o(a) = -14*a**2 - 136*a - 231. Calculate o(-5).
99
Let v(w) = w**3 - 21*w**2 - 126*w + 150. Determine v(-6).
-66
Let u(k) = k**3 + 5*k**2 + 1552*k + 9283. Determine u(-6).
-65
Let m(j) = 11*j**2 + 132*j + 144. Calculate m(-15).
639
Let y(o) = -8*o**2 - 28*o - 67. Determine y(-5).
-127
Let x(k) = k**3 + 10*k**2 - 18*k - 14. What is x(-13)?
-287
Let s(y) = -y**3 + 32*y**2 + 181*y - 10. Give s(-5).
10
Let a(d) = -5*d**3 - 174*d**2 + 610*d + 76. Calculate a(-38).
0
Let p(i) = i**2 + 415*i - 31775. Give p(66).
-29
Let z(a) = -a**3 + 185*a**2 + 3440*a + 31. Calculate z(-17).
-71
Let g(t) = -2*t**2 + 41168*t + 576674. Calculate g(-14).
-70
Let o(y) = -y**3 + 17*y**2 + 778*y - 2461. Determine o(3).
-1
Let r(m) = 323919*m + 1619566. Give r(-5).
-29
Let y(f) = f**3 + 25*f**2 - 14*f - 334. Calculate y(-25).
16
Let x(r) = r**3 + 22*r**2 + 129*r + 17. Calculate x(-12).
-91
Let j(i) = i**3 - 40*i**2 - 2769*i + 2374. Determine j(76).
-134
Let l(p) = 274368*p + 1646198. Give l(-6).
-10
Let r(q) = -31*q - 2850. Calculate r(-110).
560
Let w(d) = 5*d**3 + 57*d**2 + 464*d + 5620. Give w(-12).
-380
Let q(x) = -x**2 - 134*x + 25261. Determine q(106).
-179
Let v(y) = 2*y**2 - 106*y + 751. Determine v(24).
-641
Let j(f) = 4856*f + 291362. Determine j(-60).
2
Let w(r) = -327532*r + 3602849. Determine w(11).
-3
Let x(h) = -5*h**2 + 1031*h - 11659. Calculate x(12).
-7
Let j(h) = 14*h**2 - 4330*h + 55152. What is j(296)?
96
Let i(o) = -12*o**2 + 886*o - 716. Calculate i(73).
14
Let o(c) = c**2 - 50502*c + 353460. Give o(7).
-5
Let f(j) = -1002*j + 9077. What is f(9)?
59
Let i(r) = 755*r - 13269. Give i(18).
321
Let t(x) = 5*x**2 - 6733*x + 126359. Calculate t(19).
237
Let t(x) = 2480*x**2 - 577849*x + 2106. Calculate t(233).
9
Let f(o) = 220*o + 67321. Calculate f(-306).
1
Let p(u) = -3*u**3 + 1577*u**2 - 1078*u + 14694. Determine p(525).
-6
Let d(o) = 2921*o - 1504319. Determine d(515).
-4
Let a(z) = z**3 + 25*z**2 - 62*z - 9. Determine a(0).
-9
Let o(n) = -6601*n - 26485. Calculate o(-4).
-81
Let b(s) = -s**2 + 243*s + 8722. What is b(274)?
228
Let c(f) = -21*f**2 + 19727*f + 39517. What is c(-2)?
-21
Let n(x) = 2837*x - 5536. Give n(2).
138
Let s(u) = -30*u**2 - 535*u - 51. Determine s(-18).
-141
Let j(x) = -38*x**3 + 7*x**2 + 25*x + 9. What is j(-3)?
1023
Let h(f) = -20*f**2 - 6957*f + 1091. Give h(-348).
47
Let d(o) = o**2 - 21841*o - 109248. What is d(-5)?
-18
Let t(q) = 2*q**3 - 651*q**2 + 3573*q - 1845. What is t(5)?
-5
Let f(b) = b**3 - 36*b**2 - 113*b - 208. What is f(39)?
-52
Let g(h) = 79830*h + 3273055. Determine g(-41).
25
Let r(g) = 12*g**3 + 70*g**2 - 16*g - 86. Determine r(-8).
-1622
Let f(z) = -72414*z - 6155190. Give f(-85).
0
Let q(d) = 9*d**3 - 153*d**2 - 52*d + 341. Give q(17).
-543
Let o(r) = r**2 - 10457*r + 156618. Give o(15).
-12
Let x(t) = -4*t**3 + 372*t**2 + 381*t - 144. What is x(94)?
326
Let m(z) = 13423*z - 134226. What is m(10)?
4
Let f(p) = 64*p**3 - 8*p**2 + 204*p - 196. Calculate f(1).
64
Let d(l) = 8*l**2 - 870*l - 1389. What is d(110)?
-289
Let j(p) = -14*p**3 - 405*p**2 - 103*p + 7321. Calculate j(-28).
13
Let k(j) = -j**2 - 229*j + 14653. What is k(52)?
41
Let s(c) = -2*c**3 + 668*c**2 - 1984*c - 494. Give s(331).
168
Let b(t) = -9908*t + 7361640. Calculate b(743).
-4
Let f(j) = j**3 - 151*j**2 - 7607*j - 6321. Give f(191).
-18
Let v(f) = 2*f**3 - 2*f**2 - 1428*f + 6938. Calculate v(5).
-2
Let y(q) = 20*q**3 - 789*q**2 + 326*q + 984. What is y(39)?
9
Let o(k) = -15*k**3 + 197*k**2 + k - 10. Calculate o(13).
341
Let k(z) = 690224*z + 8282653. Give k(-12).
-35
Let z(u) = u**2 + 150*u - 2150. Determine z(-165).
325
Let w(z) = -187*z + 96297. Give w(515).
-8
Let y(x) = 2*x**2 + 29*x - 31. Determine y(2).
35
Let p(k) = -3*k**3 - 10*k**2 + 15. What is p(-4)?
47
Let n(y) = 2*y**3 + 30*y**2 - 862*y - 11770. Give n(-13).
112
Let t(d) = 2*d**3 - 301*d**2 + 735*d + 750. What is t(148)?
10
Let c(o) = -367*o + 588. Calculate c(2).
-146
Let d(r) = -273*r**2 + 8686*r + 28. What is d(32)?
-1572
Let m(i) = 28867*i - 7303371. Calculate m(253).
-20
Let b(v) = 16*v**3 + 10*v**2 + 251*v + 1283. Calculate b(-5).
-1722
Let z(t) = -674*t**2 + 956*t - 955. Determine z(1).
-673
Let z(r) = 92*r**2 + 1545*r - 15. Determine z(-17).
308
Let g(a) = a**3 + 44*a**2 + 200*a + 226. Calculate g(-37).
2409
Let w(n) = -n**3 - 2468*n**2 + 17280*n + 304. Give w(7).
-11
Let j(s) = s**3 + 105*s**2 - 2263*s - 45. Calculate j(17).
-3258
Let x(d) = 2*d**3 + 8*d**2 - 641*d + 12. What is x(16)?
-4
Let l(i) = -236717*i - 6628143. What is l(-28)?
-67
Let r(g) = -2560*g + 450541. Calculate r(176).
-19
Let q(i) = -i**3 + 40*i**2 - 177*i + 124. Give q(4).
-8
Let h(w) = -w**3 + 40*w**2 + 1749*w + 895. What is h(-26)?
37
Let o(f) = -16*f**3 - 7*f**2 - 613*f - 2435. Determine o(-4).
929
Let x(n) = 2*n**2 - 2355*n + 65628. What is x(1149)?
135
Let g(t) = 127*t - 7445. Calculate g(81).
2842
Let x(n) = -20201*n - 484849. Determine x(-24).
-25
Let f(v) = -7056*v - 91735. Give f(-13).
-7
Let m(x) = -21*x**2 - 1722*x + 3599. Calculate m(-84).
71
Let m(p) = -5*p**2 - 222*p - 689. Calculate m(-41).
8
Let s(f) = 76*f - 1259. What is s(-5)?
-1639
Let f(i) = 15*i**3 + 10*i**2 - 29*i + 9. Give f(2).
111
Let m(g) = 5*g**3 - 5*g**2 + 452*g + 2742. Determine m(-6).
-1230
Let i(f) = 1431283*f + 12881544. Give i(-9).
-3
Let z(l) = 115276*l - 576381. Give z(5).
-1
Let j(w) = -1872*w + 295773. Determine j(158).
-3
Let d(i) = -24*i**2 + 3321*i - 36543. Give d(11).
-2916
Let c(p) = 2*p**3 + 41*p**2 - p + 202. What is c(-21)?
-218
Let b(h) = -20158*h + 40319. Determine b(2).
3
Let j(t) = t**3 + 62*t**2 + 35*t - 5726. What is j(-59)?
2652
Let c(s) = 2*s**3 - 389*s**2 + 1207*s - 121212. What is c(193)?
-8
Let q(j) = 8*j**3 - 241*j**2 + 7*j - 33. What is q(30)?
-723
Let i(d) = -3*d**2 - 3334*d + 229475. Calculate i(65).
90
Let f(d) = 2*d**3 + 6*d**2 + 221*d + 925. What is f(-4)?
9
Let c(h) = 4194*h - 24614. Determine c(7).
4744
Let m(x) = -456179*x + 2737075. Determine m(6).
1
Let a(b) = -10966*b + 76763. Calculate a(7).
1
Let n(v) = -12*v**2 + 62*v - 195. Calculate n(7).
-349
Let m(v) = -8*v**2 + 289*v + 3994. Give m(47).
-95
Let c(m) = -m**3 + 61*m**2 + 4141*m - 17472. Determine c(4).
4
Let h(l) = -2*l**3 - 138*l**2 - 36*l + 168. Calculate h(-69).
2652
Let r(x) = -x**3 - 58*x**2 - 23*x - 4814. What is r(-59)?
24
Let x(i) = 2673*i - 668240. What is x(250)?
10
Let n(q) = 7*q**2 + 728*q - 8406. What is n(12)?
1338
Let c(v) = -4*v**3 + 16*v**2 - 3281*v + 16507. What is c(5)?
2
Let f(l) = -l**3 - 508*l**2 - 4941*l + 57. What is f(-10)?
-333
Let u(w) = 3*w**2 - 164*w + 884. Give u(49).
51
Let n(m) = m**2 + 163*m - 2370. Calculate n(12).
-270
Let w(b) = b**3 - 105*b**2 + 2630*b - 21461. Determine w(73).
1
Let v(s) = 65582*s - 1246081. Determine v(19).
-23
Let f(q) = q**3 + 5216*q**2 + 15566*q - 218. Calculate f(-3).
1
Let s(t) = -10868*t + 1347632. Give s(124).
0
Let o(j) = 37*j**2 - 117*j - 43. Give o(7).
951
Let r(v) = -456623*v + 456670. Give r(1).
47
Let x(i) = -80031*i - 480126. Determine x(-6).
60
Let w(n) = -3*n**3 - 29*n**2 + 14*n + 65. Determine w(-8).
-367
Let r(o) = -3*o**2 - 3773*o - 63376. What is r(-17)?
-102
Let z(b) = 6*b + 419. Determine z(-47).
137
Let d(s) = 54970*s + 109933. Give d(-2).
-7
Let l(w) = -25002*w - 1275107. Calculate l(-51).
-5
Let y(j) = 1556*j + 36380. Determine y(-24).
-964
Let f(n) = 1322*n - 75400. Determine f(57).
-46
Let d(b) = -31*b**2 + 151*b + 150. What is d(-1)?
-32
Let f(d) = 15*d - 891. Calculate f(-29).
-1326
Let p(c) = 80*c - 96. What is p(14)?
1024
Let h(w) = 14707*w - 867708. Give h(59).
5
Let l(p) = -31*p**2 - 25802*p + 17460. Calculate l(-833).
-33
Let t(l) = 5*l**2 - 3401*l - 27476. Determine t(-8).
52
Let t(a) = a**2 + 8737*a + 165591. What is t(-19)?
-51
Let m(n) = -270*n**2 + 57239*n + 74. Give m(212).
-138
Let n(f) = 2*f**2 + 19341*f - 193397. Determine n(10).
213
Let p(r) = -11320*r - 2490396. Give p(-220).
4
Let b(l) = -3077*l - 615439. Calculate b(-200).
-39
Let p(w) = -2*w**3 + 17566*w**2 + 140646*w - 88. What is p(-8)?
-8
Let a(t) = 2*t**2 - 442*t + 12922. What is a(186)?
-98
Let h(y) = 1626*y + 25864. What is h(-16)?
-152
Let a(w) = -w**2 - 275*w - 16962. What is a(